y = -5*l - 18. What is the greatest common divisor of l and 396?
6
Suppose 10*p - 2205 = -15*p - 10*p. Calculate the greatest common divisor of p and 3339.
63
Suppose -26*l - 7*l + 996 = -10554. What is the highest common factor of 7525 and l?
175
Suppose -2*c - 960 = -x, 233*x - 3849 = 229*x + 5*c. Calculate the highest common divisor of x and 14.
14
Let h(j) = 7*j**2 + 350*j - 702*j - 4*j**2 + 359*j. Let o be h(-6). What is the highest common factor of 6 and o?
6
Let v(i) = 6. Let k(x) = x + 5. Let t(w) = 4*k(w) - 3*v(w). Let d be t(2). Calculate the highest common factor of d and 130.
10
Suppose -2*d = -5*d + 129. Let t = 144753 + -143936. Calculate the highest common factor of d and t.
43
Let u = 11504 + -7214. What is the greatest common divisor of u and 110?
110
Suppose -2967 = 25*o - 24542. Suppose 0 = -35*v + o + 187. Calculate the greatest common factor of v and 150.
30
Let q(z) = z - 12. Let k be q(15). Suppose -2 - 79 = -k*m. Let x = -1057 + 1111. What is the highest common divisor of m and x?
27
Let a be 3/((-11)/(641927/(-39))). What is the highest common factor of 67 and a?
67
Let s be (-84328)/(-762) - (2 + (-1)/((-3)/(-10))). What is the greatest common divisor of 288 and s?
16
Let z(w) = 2*w - 1. Suppose d = -0 + 1. Let y be z(d). Let x be (-3290)/(-50) - y/(-5). What is the highest common factor of 6 and x?
6
Let g be -16 + 1695/105 - 164/(-28). Suppose l = 5*m + 3, 5*l - 5 - 10 = -2*m. What is the highest common divisor of g and l?
3
Let q(h) = -h + 1. Let u(z) = 32*z - 36. Let l = -40 + 41. Let s(x) = l*u(x) + 3*q(x). Let n be s(5). What is the greatest common divisor of 14 and n?
14
Let f(b) = 2*b**3 + 56*b**2 + 49*b + 39. Let g be f(-27). What is the highest common factor of 6 and g?
6
Suppose 0 = 11*c - 17 - 38. Suppose -12*y + 595 = c*y. Calculate the greatest common divisor of y and 7.
7
Let u be 28/(-12)*3/(-1). Let q be u + (-1 - (-3 + 1))/1. Let x be (-4)/((-7)/(3276/q)). What is the highest common divisor of x and 26?
26
Let z = 37 + -35. Suppose -5*o - 27 = -z. Let q be (o - -4)/((-1)/35). What is the greatest common divisor of 5 and q?
5
Suppose -6 = r, 3*f + 2*r = 501 - 99. Calculate the greatest common divisor of 13478 and f.
46
Let z(l) = 7*l**3 - 2*l**2 + 3*l + 1. Let j be z(4). Let p(a) = 1440*a - 4307. Let w be p(3). What is the highest common divisor of j and w?
13
Suppose 117 = 6*s + 105. Let r be (-8 + 6)/((-5)/(45/s)). Calculate the greatest common divisor of 117 and r.
9
Let t(z) = -z**3 + 18*z**2 + 41*z + 7. Suppose 0*f = -4*f - 24. Let p be -3 + 1 - 132/f. Let a be t(p). What is the highest common divisor of a and 63?
9
Let t(z) = -838*z**3 + 2*z**2 + 6*z - 10. Let y be t(-2). What is the greatest common divisor of y and 30?
30
Suppose 10*n - 16*n + 36 = 0. Suppose f - 3*p - 65 = 0, -n*f + 9*f = p + 155. What is the highest common factor of f and 25?
25
Let t(a) = 6*a - 39. Let v be t(6). Let l(h) = -7*h - 11. Let b be l(v). Suppose b*i + 4 = 24. Calculate the highest common factor of i and 26.
2
Let q = -30233 + 30259. Calculate the greatest common factor of q and 10517.
13
Let d be (-1596)/(-1330)*(-195)/(-9). Let m(y) = -2*y**3 - 8*y - 4. Suppose 4*f - 3 = -23. Let x be m(f). What is the greatest common factor of x and d?
26
Let x be ((-13)/78)/(1/(-30)). Suppose x*o = 4*m + m - 990, 4*m - 5*o - 792 = 0. What is the greatest common factor of 18 and m?
18
Let l(p) = 31*p**2 - 143*p + 565. Let x be l(5). Calculate the highest common factor of x and 1750.
125
Suppose 0 = 5*z + 2*n - 366, -7 - 61 = -z - 3*n. Let t = z + 179. Calculate the highest common divisor of 11 and t.
11
Suppose 5*w - 138 = -5*j - 13, -4*w - 68 = -3*j. Calculate the greatest common factor of j and 426.
6
Let u(z) = -z**3 - 72*z**2 + 226*z + 87. Let v be u(-75). Calculate the highest common divisor of 524 and v.
4
Let t(l) be the second derivative of 23*l + 0 + 7/2*l**3 + 2*l**2. Let w be t(1). Calculate the greatest common factor of 10 and w.
5
Suppose 0 = -99*p + 105*p - 174. Suppose -6*c - p*c = -105. Calculate the highest common factor of 213 and c.
3
Suppose -36*w + 5 = -40*w + 189. Let n be ((-345)/(-5))/(9/66). What is the greatest common divisor of n and w?
46
Suppose 67 = r - 2*n, 0 = -3*r + n + 1527 - 1356. What is the greatest common divisor of r and 913?
11
Let k = 37 - 26. Suppose -21*x = -3936 - 7362. Let q = -450 + x. Calculate the greatest common divisor of k and q.
11
Let z = 12114 - 10266. Calculate the greatest common divisor of 165 and z.
33
Let v(c) = -11*c - 43. Let o(d) = -d**3 - 6*d**2 + 55*d - 8. Let t be o(5). Let l be v(t). Calculate the highest common divisor of 108 and l.
9
Suppose -4*w + b - 395 = 0, 0 = 4*w - 3*b + b + 394. Let q = -11 - w. What is the highest common divisor of q and 1144?
88
Let g be (0 - 1 - -1) + 35. Let y(z) = 3*z**3 + 46*z**2 - 35*z - 13. Let a be y(-16). Calculate the highest common divisor of a and g.
35
Suppose -16 = 4*y + 5*d, -y - d = 3*d + 15. Let v be (y/3)/(-5*2/(-1170)). Let q = v + -27. What is the greatest common divisor of q and 6?
6
Let i be -2*2 + (-3 - -2). Let n be (-3 - -1 - -1)*i. Suppose -2*c + 305 = n*x, 0*c - 4*c + 3*x + 545 = 0. What is the greatest common divisor of 28 and c?
28
Let j(w) = -8 - 4*w**2 + 11*w**2 + 21 - 45*w + 57*w + 14. Let b be j(-5). What is the highest common factor of 2 and b?
2
Suppose 34*b - 31*b + 27 = 0. Let v be -3 + (-184)/(-12) - (-3)/b. Suppose -510 = 2*n - v*n. What is the highest common divisor of 34 and n?
17
Let k(v) = 7*v**2 - 5*v - 6. Suppose 0 = 30*m + 199 - 79. Let n be k(m). What is the highest common factor of 7 and n?
7
Let p = 15423 - 15059. What is the greatest common divisor of 2639 and p?
91
Let x = -40 - -54. Let l(t) = t**2 - 5*t + 58. Let s be l(x). Suppose -i - 172 = -s. What is the highest common divisor of i and 54?
6
Let i(w) = w**3 - 24*w**2 + 53*w + 72. Let g be i(22). Let f be ((-4)/10)/(1/(-75)). Calculate the greatest common divisor of g and f.
30
Let u be 12*-49*((-10)/5 - -3). Let z = 596 + u. Calculate the greatest common factor of 296 and z.
8
Let o be ((-5115)/(-77))/((-6)/(-84)). What is the highest common factor of o and 120?
30
Let a = 14 - -4. Let b = -5907 + 5895. Let y = a - b. What is the greatest common factor of 105 and y?
15
Suppose 0 = -4*z - 3*k + 367 - 35, 0 = 5*k - 20. Calculate the highest common factor of 520 and z.
40
Suppose -8*x - 10 + 34 = 0. Suppose -2*h = p + 17 - x, -5*h + 21 = -p. Let u be ((-42)/18)/(p/(-6) - 3). What is the greatest common divisor of 49 and u?
7
Suppose -2239 = -31*m + 5*m - 575. What is the highest common divisor of 216 and m?
8
Suppose -26 = 5*s - 56. Let j be 1 - s - 62*(1 - 2). Calculate the greatest common factor of 3 and j.
3
Let v be (111225 - 18)/19 + (1 - 2). Calculate the highest common divisor of 44 and v.
44
Let p = 4293 - 1683. Calculate the greatest common factor of p and 348.
174
Let g = -122 + 137. Let h = -207 - -112. Let q be 3/(-9) - h/g. Calculate the highest common factor of 72 and q.
6
Suppose 2*x = -4*r + 218 + 226, 2*r + 5*x = 230. Let k = r + -86. What is the greatest common divisor of 348 and k?
12
Let n(j) = j**3 + 6*j**2 - 2. Let k be n(-6). Let s be (k/6)/(1 + (-352)/348). What is the highest common divisor of s and 87?
29
Let p be -2*(-5 + 4)*131. Suppose -4*v - 5*c - 504 = -c, -2*v + 3*c - p = 0. Let j = -118 - v. What is the highest common factor of j and 20?
10
Let t(s) = -9*s**2 - 949*s - 5. Let j be t(-22). Calculate the highest common factor of 83 and j.
83
Suppose -x = -5*d + 41 + 23, -3*d - 3*x + 24 = 0. Let y = -703 - -706. Calculate the greatest common factor of d and y.
3
Suppose -6*m + 20 = -100. Suppose -m = -3*g - 59. Let p(b) = b**3 + 12*b**2 - 13*b + 10. Let t be p(g). Calculate the highest common divisor of t and 60.
10
Suppose 105 - 33 = 4*z. Suppose -202 = -5*w + 68. Let b = w + 72. What is the highest common factor of b and z?
18
Let t = -7909 - -7921. Calculate the highest common factor of t and 176.
4
Suppose -l - 136 = 2*l + 4*c, 5*l + 244 = 2*c. Let f = -38 - l. What is the greatest common divisor of f and 60?
10
Suppose 4*x - 72 = 3*t, t - 99 = -3*x - 32. Calculate the greatest common factor of 2037 and x.
21
Let j = -5932 - -5956. What is the highest common divisor of j and 1404?
12
Let x = 42 